{"id":334,"date":"2017-03-20T20:12:59","date_gmt":"2017-03-20T20:12:59","guid":{"rendered":"http:\/\/ycsf.org.ar\/web\/?page_id=334"},"modified":"2017-04-07T11:45:09","modified_gmt":"2017-04-07T11:45:09","slug":"curso-de-patron-de-yate-a-vela-y-motor","status":"publish","type":"page","link":"http:\/\/ycsf.org.ar\/web\/curso-de-patron-de-yate-a-vela-y-motor\/","title":{"rendered":"Curso de Patr\u00f3n de Yate a Vela y Motor"},"content":{"rendered":"<p style=\"text-align: center;\"><span style=\"font-family: tahoma, arial, helvetica, sans-serif; font-size: 12pt; color: #003366;\">CURSO DE PATRON DE YATE A VELA Y MOTOR<\/span><\/p>\n<p style=\"text-align: center;\"><span style=\"font-family: tahoma, arial, helvetica, sans-serif; font-size: 12pt; color: #003366;\">Esta pronto a comenzar el curso de patr\u00f3n de Yate\u2026.<\/span><\/p>\n<p style=\"text-align: center;\"><span style=\"font-family: tahoma, arial, helvetica, sans-serif; font-size: 12pt; color: #003366;\">OBJETIVO:<\/span><br \/>\n<span style=\"font-family: tahoma, arial, helvetica, sans-serif; font-size: 12pt; color: #003366;\">Con la aprobaci\u00f3n del examen final y el viaje de pr\u00e1ctica (con Fiscalizaci\u00f3n de PNA) se logra el carnet de PATRON YATE A VELA Y MOTOR<\/span><\/p>\n<p style=\"text-align: center;\"><span style=\"font-family: tahoma, arial, helvetica, sans-serif; font-size: 12pt; color: #003366;\">REQUISITOS: <\/span><br \/>\n<span style=\"font-family: tahoma, arial, helvetica, sans-serif; font-size: 12pt; color: #003366;\">1.- Habilitaci\u00f3n de Timonel de Ya con 2 a\u00f1os de antig\u00fcedad al momento de rendir el examen te<\/span><br \/>\n<span style=\"font-family: tahoma, arial, helvetica, sans-serif; font-size: 12pt; color: #003366;\">2.- Declaraci\u00f3n jurada, donde el causante manifieste haber navegado en yates por m\u00e1s de 60 horas.<\/span><br \/>\n<span style=\"font-family: tahoma, arial, helvetica, sans-serif; font-size: 12pt; color: #003366;\">3.- Comprobaci\u00f3n mediante la presentaci\u00f3n de roles, el haber efectuado en los \u00faltimos 5 a\u00f1os, no menos de 2 viajes redondos entre puertos, en zona de Timonel o Patr\u00f3n (en este \u00faltimo caso en calidad de tripulante).<\/span><br \/>\n<span style=\"font-family: tahoma, arial, helvetica, sans-serif; font-size: 12pt; color: #003366;\">4.- Para \u00e1reas mar\u00edtimas, la Dependencia local determinar\u00e1 qu\u00e9 tipo de navegaci\u00f3n se exigir\u00e1n como constancia de experiencia, atendiendo a las caracter\u00edsticas de la zona.<\/span><br \/>\n<span style=\"font-family: tahoma, arial, helvetica, sans-serif; font-size: 12pt; color: #003366;\">En los r\u00edos interiores y lagos, la Dependencia PNA local determinar\u00e1 los trayectos de navegaci\u00f3n que se adapten a las condiciones mencionadas en que b\u00e1sicamente guardar\u00e1n distancia de alejamiento superior a 60 km., por necesidad de empleo de cartograf\u00eda e instrumental.<\/span><\/p>\n<p style=\"text-align: center;\"><span style=\"font-family: tahoma, arial, helvetica, sans-serif; font-size: 12pt; color: #003366;\">MODALIDAD: <\/span><br \/>\n<span style=\"font-family: tahoma, arial, helvetica, sans-serif; font-size: 12pt; color: #003366;\">1 clase te\u00f3rica por semana, (jueves) a partir de las 20:30 hs<\/span><\/p>\n<p style=\"text-align: center;\"><span style=\"font-family: tahoma, arial, helvetica, sans-serif; font-size: 12pt; color: #003366;\">OPCIONAL VIAJE FINAL:<\/span><br \/>\n<span style=\"font-family: tahoma, arial, helvetica, sans-serif; font-size: 12pt; color: #003366;\">Punta del Este en velero o Angra Dos Reis (Brasil)<\/span><\/p>\n<p style=\"text-align: center;\"><span style=\"font-family: tahoma, arial, helvetica, sans-serif; font-size: 12pt; color: #003366;\">HABILITACION:<\/span><br \/>\n<span style=\"font-family: tahoma, arial, helvetica, sans-serif; font-size: 12pt; color: #003366;\">Sirve para el gobierno de embarcaciones deportivas que realicen navegaci\u00f3n lacustre, fluvial o costera mar\u00ed\u00adtima mientras se navegue a una distancia de la costa no superior a 12 millas n\u00e1uticas (incluye R\u00ed\u00ado de la Plata sin limitaciones).<\/span><\/p>\n<p style=\"text-align: center;\"><span style=\"font-family: tahoma, arial, helvetica, sans-serif; font-size: 12pt; color: #003366;\">COMIENZO:<\/span><br \/>\n<span style=\"font-family: tahoma, arial, helvetica, sans-serif; font-size: 12pt; color: #003366;\">6 de abril de 2017<br \/>\nEl inicio del Curso se posterga 30 d\u00edas<\/span><\/p>\n<p style=\"text-align: center;\"><span style=\"font-family: tahoma, arial, helvetica, sans-serif; font-size: 12pt; color: #003366;\">DURACION:<\/span><br \/>\n<span style=\"font-family: tahoma, arial, helvetica, sans-serif; font-size: 12pt; color: #003366;\">Cinco (5) Meses<\/span><\/p>\n<p style=\"text-align: center;\"><span style=\"font-family: tahoma, arial, helvetica, sans-serif; font-size: 12pt; color: #003366;\">COSTO:<\/span><br \/>\n<span style=\"font-family: tahoma, arial, helvetica, sans-serif; font-size: 12pt; color: #003366;\">Socios: 5 cuotas de $ 600, NO socios : 5 cuotas de $840<\/span><\/p>\n<p style=\"text-align: center;\"><span style=\"font-family: tahoma, arial, helvetica, sans-serif; font-size: 12pt; color: #003366;\">CUPO:<\/span><br \/>\n<span style=\"font-family: tahoma, arial, helvetica, sans-serif; font-size: 12pt; color: #003366;\">25 alumnos<\/span><\/p>\n<p style=\"text-align: center;\"><span style=\"font-family: tahoma, arial, helvetica, sans-serif; font-size: 12pt; color: #003366;\">INSCRIPCIONES:<\/span><br \/>\n<span style=\"font-family: tahoma, arial, helvetica, sans-serif; font-size: 12pt; color: #003366;\">secretar\u00eda del club de lunes a viernes de 8 a 16hs al 4554644\/4524935- int 11<\/span><\/p>\n<p><a href=\"http:\/\/ycsf.org.ar\/web\/wp-content\/uploads\/2017\/03\/Folleto-CURSO-DE-PATRON-DE-YATE-A-VELA-Y-MOTOR.jpg\" rel=\"attachment wp-att-344\"><img loading=\"lazy\" decoding=\"async\" class=\"wp-image-344 aligncenter\" src=\"http:\/\/ycsf.org.ar\/web\/wp-content\/uploads\/2017\/03\/Folleto-CURSO-DE-PATRON-DE-YATE-A-VELA-Y-MOTOR.jpg\" alt=\"Folleto CURSO DE PATRON DE YATE A VELA Y MOTOR\" width=\"400\" height=\"564\" srcset=\"http:\/\/ycsf.org.ar\/web\/wp-content\/uploads\/2017\/03\/Folleto-CURSO-DE-PATRON-DE-YATE-A-VELA-Y-MOTOR.jpg 2496w, http:\/\/ycsf.org.ar\/web\/wp-content\/uploads\/2017\/03\/Folleto-CURSO-DE-PATRON-DE-YATE-A-VELA-Y-MOTOR-213x300.jpg 213w, http:\/\/ycsf.org.ar\/web\/wp-content\/uploads\/2017\/03\/Folleto-CURSO-DE-PATRON-DE-YATE-A-VELA-Y-MOTOR-768x1083.jpg 768w, http:\/\/ycsf.org.ar\/web\/wp-content\/uploads\/2017\/03\/Folleto-CURSO-DE-PATRON-DE-YATE-A-VELA-Y-MOTOR-726x1024.jpg 726w\" sizes=\"auto, (max-width: 400px) 100vw, 400px\" \/><\/a><\/p>\n","protected":false},"excerpt":{"rendered":"<p>CURSO DE PATRON DE YATE A VELA Y MOTOR Esta pronto a comenzar el curso de patr\u00f3n de Yate\u2026. OBJETIVO: Con la aprobaci\u00f3n del examen final y el viaje de pr\u00e1ctica (con Fiscalizaci\u00f3n de PNA) se logra el carnet de PATRON YATE A VELA Y MOTOR REQUISITOS: 1.- Habilitaci\u00f3n de Timonel de Ya con 2 [&hellip;]<\/p>\n","protected":false},"author":2,"featured_media":0,"parent":0,"menu_order":0,"comment_status":"closed","ping_status":"closed","template":"page-templates\/page-left-right.php","meta":{"footnotes":""},"class_list":["post-334","page","type-page","status-publish","hentry"],"_links":{"self":[{"href":"http:\/\/ycsf.org.ar\/web\/wp-json\/wp\/v2\/pages\/334","targetHints":{"allow":["GET"]}}],"collection":[{"href":"http:\/\/ycsf.org.ar\/web\/wp-json\/wp\/v2\/pages"}],"about":[{"href":"http:\/\/ycsf.org.ar\/web\/wp-json\/wp\/v2\/types\/page"}],"author":[{"embeddable":true,"href":"http:\/\/ycsf.org.ar\/web\/wp-json\/wp\/v2\/users\/2"}],"replies":[{"embeddable":true,"href":"http:\/\/ycsf.org.ar\/web\/wp-json\/wp\/v2\/comments?post=334"}],"version-history":[{"count":4,"href":"http:\/\/ycsf.org.ar\/web\/wp-json\/wp\/v2\/pages\/334\/revisions"}],"predecessor-version":[{"id":362,"href":"http:\/\/ycsf.org.ar\/web\/wp-json\/wp\/v2\/pages\/334\/revisions\/362"}],"wp:attachment":[{"href":"http:\/\/ycsf.org.ar\/web\/wp-json\/wp\/v2\/media?parent=334"}],"curies":[{"name":"wp","href":"https:\/\/api.w.org\/{rel}","templated":true}]}}

Curso de Patrón de Yate a Vela y Motor

<p style="text-align: center;"><span style="font-family: tahoma, arial, helvetica, sans-serif; font-size: 12pt; color: #003366;">CURSO DE PATRON DE YATE A VELA Y MOTOR</span></p>
<p style="text-align: center;"><span style="font-family: tahoma, arial, helvetica, sans-serif; font-size: 12pt; color: #003366;">Esta pronto a comenzar el curso de patrón de Yate….</span></p>
<p style="text-align: center;"><span style="font-family: tahoma, arial, helvetica, sans-serif; font-size: 12pt; color: #003366;">OBJETIVO:</span><br />
<span style="font-family: tahoma, arial, helvetica, sans-serif; font-size: 12pt; color: #003366;">Con la aprobación del examen final y el viaje de práctica (con Fiscalización de PNA) se logra el carnet de PATRON YATE A VELA Y MOTOR</span></p>
<p style="text-align: center;"><span style="font-family: tahoma, arial, helvetica, sans-serif; font-size: 12pt; color: #003366;">REQUISITOS: </span><br />
<span style="font-family: tahoma, arial, helvetica, sans-serif; font-size: 12pt; color: #003366;">1.- Habilitación de Timonel de Ya con 2 años de antigüedad al momento de rendir el examen te</span><br />
<span style="font-family: tahoma, arial, helvetica, sans-serif; font-size: 12pt; color: #003366;">2.- Declaración jurada, donde el causante manifieste haber navegado en yates por más de 60 horas.</span><br />
<span style="font-family: tahoma, arial, helvetica, sans-serif; font-size: 12pt; color: #003366;">3.- Comprobación mediante la presentación de roles, el haber efectuado en los últimos 5 años, no menos de 2 viajes redondos entre puertos, en zona de Timonel o Patrón (en este último caso en calidad de tripulante).</span><br />
<span style="font-family: tahoma, arial, helvetica, sans-serif; font-size: 12pt; color: #003366;">4.- Para áreas marítimas, la Dependencia local determinará qué tipo de navegación se exigirán como constancia de experiencia, atendiendo a las características de la zona.</span><br />
<span style="font-family: tahoma, arial, helvetica, sans-serif; font-size: 12pt; color: #003366;">En los ríos interiores y lagos, la Dependencia PNA local determinará los trayectos de navegación que se adapten a las condiciones mencionadas en que básicamente guardarán distancia de alejamiento superior a 60 km., por necesidad de empleo de cartografía e instrumental.</span></p>
<p style="text-align: center;"><span style="font-family: tahoma, arial, helvetica, sans-serif; font-size: 12pt; color: #003366;">MODALIDAD: </span><br />
<span style="font-family: tahoma, arial, helvetica, sans-serif; font-size: 12pt; color: #003366;">1 clase teórica por semana, (jueves) a partir de las 20:30 hs</span></p>
<p style="text-align: center;"><span style="font-family: tahoma, arial, helvetica, sans-serif; font-size: 12pt; color: #003366;">OPCIONAL VIAJE FINAL:</span><br />
<span style="font-family: tahoma, arial, helvetica, sans-serif; font-size: 12pt; color: #003366;">Punta del Este en velero o Angra Dos Reis (Brasil)</span></p>
<p style="text-align: center;"><span style="font-family: tahoma, arial, helvetica, sans-serif; font-size: 12pt; color: #003366;">HABILITACION:</span><br />
<span style="font-family: tahoma, arial, helvetica, sans-serif; font-size: 12pt; color: #003366;">Sirve para el gobierno de embarcaciones deportivas que realicen navegación lacustre, fluvial o costera marí­tima mientras se navegue a una distancia de la costa no superior a 12 millas náuticas (incluye Rí­o de la Plata sin limitaciones).</span></p>
<p style="text-align: center;"><span style="font-family: tahoma, arial, helvetica, sans-serif; font-size: 12pt; color: #003366;">COMIENZO:</span><br />
<span style="font-family: tahoma, arial, helvetica, sans-serif; font-size: 12pt; color: #003366;">6 de abril de 2017<br />
El inicio del Curso se posterga 30 días</span></p>
<p style="text-align: center;"><span style="font-family: tahoma, arial, helvetica, sans-serif; font-size: 12pt; color: #003366;">DURACION:</span><br />
<span style="font-family: tahoma, arial, helvetica, sans-serif; font-size: 12pt; color: #003366;">Cinco (5) Meses</span></p>
<p style="text-align: center;"><span style="font-family: tahoma, arial, helvetica, sans-serif; font-size: 12pt; color: #003366;">COSTO:</span><br />
<span style="font-family: tahoma, arial, helvetica, sans-serif; font-size: 12pt; color: #003366;">Socios: 5 cuotas de $ 600, NO socios : 5 cuotas de $840</span></p>
<p style="text-align: center;"><span style="font-family: tahoma, arial, helvetica, sans-serif; font-size: 12pt; color: #003366;">CUPO:</span><br />
<span style="font-family: tahoma, arial, helvetica, sans-serif; font-size: 12pt; color: #003366;">25 alumnos</span></p>
<p style="text-align: center;"><span style="font-family: tahoma, arial, helvetica, sans-serif; font-size: 12pt; color: #003366;">INSCRIPCIONES:</span><br />
<span style="font-family: tahoma, arial, helvetica, sans-serif; font-size: 12pt; color: #003366;">secretaría del club de lunes a viernes de 8 a 16hs al 4554644/4524935- int 11</span></p>
<p><a href="http://ycsf.org.ar/web/wp-content/uploads/2017/03/Folleto-CURSO-DE-PATRON-DE-YATE-A-VELA-Y-MOTOR.jpg" rel="attachment wp-att-344"><img loading="lazy" decoding="async" class="wp-image-344 aligncenter" src="http://ycsf.org.ar/web/wp-content/uploads/2017/03/Folleto-CURSO-DE-PATRON-DE-YATE-A-VELA-Y-MOTOR.jpg" alt="Folleto CURSO DE PATRON DE YATE A VELA Y MOTOR" width="400" height="564" srcset="http://ycsf.org.ar/web/wp-content/uploads/2017/03/Folleto-CURSO-DE-PATRON-DE-YATE-A-VELA-Y-MOTOR.jpg 2496w, http://ycsf.org.ar/web/wp-content/uploads/2017/03/Folleto-CURSO-DE-PATRON-DE-YATE-A-VELA-Y-MOTOR-213x300.jpg 213w, http://ycsf.org.ar/web/wp-content/uploads/2017/03/Folleto-CURSO-DE-PATRON-DE-YATE-A-VELA-Y-MOTOR-768x1083.jpg 768w, http://ycsf.org.ar/web/wp-content/uploads/2017/03/Folleto-CURSO-DE-PATRON-DE-YATE-A-VELA-Y-MOTOR-726x1024.jpg 726w" sizes="auto, (max-width: 400px) 100vw, 400px" /></a></p>

<p>CURSO DE PATRON DE YATE A VELA Y MOTOR Esta pronto a comenzar el curso de patrón de Yate…. OBJETIVO: Con la aprobación del examen final y el viaje de práctica (con Fiscalización de PNA) se logra el carnet de PATRON YATE A VELA Y MOTOR REQUISITOS: 1.- Habilitación de Timonel de Ya con 2 [&hellip;]</p>
